 (7 + 5)*(-2)/(-3). Let l = 16 - k. Calculate the remainder when l is divided by r(-11).
3
Let i(l) = -8*l - 3*l**2 + 7 + l**3 + 4 - 4*l**2. Let w be i(8). Suppose 2*j - w = 31. Calculate the remainder when 40 is divided by j.
19
Let r(c) = c**2 + 13*c - 14. Let s be r(-14). Let z = s - -133. Let o = z - 93. Calculate the remainder when o is divided by 14.
12
Let g(y) = -602*y + 2441. What is the remainder when -1 + (-2)/4*-194 is divided by g(4)?
30
Calculate the remainder when 228 is divided by 14/12 + -2 + 3220/120.
20
Let m(b) be the third derivative of b**6/120 + 7*b**5/60 - 3*b**4/8 - 2*b**3/3 - 7*b**2. What is the remainder when m(-8) is divided by 3?
1
Let w(i) = 82*i**3 + i. Suppose 0 = j - 3*j + 2. Let o be w(j). Suppose -5*p + o + 122 = 0. What is the remainder when p is divided by 14?
13
Let x(d) = -d**3 - 3*d**2 + 10*d + 70. What is the remainder when x(-5) is divided by 9?
7
Let v = 275 - 191. Suppose 5*l - 3*u + 27 = v, -l + 5 = u. Calculate the remainder when (14/3)/(4/12) is divided by l.
5
Suppose 267 + 31 = 3*c + 5*s, 444 = 4*c - 5*s. Suppose c = 5*l - 49. What is the remainder when l is divided by 17?
14
Suppose -4*i = -4 - 28. Let b(k) = 3*k**2 - 5*k - 15. Calculate the remainder when b(i) is divided by 35.
32
Suppose 0 = 3*a - 9, -2*b = -5*b + a + 90. Let y = 58 - b. What is the remainder when y is divided by 15?
12
Let s(v) = v**2 - 7*v + 8. Let p(y) = -2*y**2 + 7*y + 4. Let l be p(4). Suppose -3*h + 6*h - 141 = l. What is the remainder when h is divided by s(8)?
15
Let j(y) = 50*y - 33. Let q be j(15). Suppose 0 = -12*u + 207 + q. Calculate the remainder when u is divided by 20.
17
Suppose 13 = -5*z - 7, 3*z = 5*n - 37. Suppose 3*j + n = 38. Let d(x) = 2*x**3 - 2*x**2 - 2*x + 2. Calculate the remainder when j is divided by d(2).
5
Let v(m) = 2*m**3 + 93*m**2 - 47*m + 82. Calculate the remainder when v(-47) is divided by 39.
4
Let m(c) = -11*c + 8. What is the remainder when m(-7) is divided by (-20)/(-2) - (-15 + 3)?
19
Suppose 4*u + 18 = 6*u. What is the remainder when 23 is divided by u?
5
Let a(k) = -k**3 - 4*k**2 + 5*k + 3. Let g(j) = 8*j + 3. Let z be g(-1). Let c(m) = -5*m - 1. What is the remainder when c(-2) is divided by a(z)?
0
Suppose -421 - 109 = -10*g. What is the remainder when 79 is divided by g?
26
Let v(n) = -n**2 + 9*n + 3. Suppose -252 = 65*o - 79*o. What is the remainder when v(4) is divided by o?
5
Let n = -2 + 54. Let o = -30 + n. What is the remainder when 40 is divided by o?
18
Let d(i) = 4*i**2 + 107*i + 501. What is the remainder when 719 is divided by d(-5)?
59
Let g be 9*(3 + (-22)/6). Calculate the remainder when (-38)/g - 13/((-156)/8) is divided by 2.
1
Let b(m) = -m - 16. Let f be b(-13). Suppose 3*d - 217 = -4*k, 0 = 3*d + 4*k - k - 219. Calculate the remainder when 63 is divided by f*(3 + d/(-9)).
15
Let i = -25 + 26. Suppose -i = -5*h + 14. Calculate the remainder when h/((-2)/(-204)*9) is divided by 7.
6
Let v = -231 + 719. What is the remainder when v is divided by 99?
92
Let v(f) = f - 57. Let o(x) = 5*x - 284. Let g(m) = 2*o(m) - 11*v(m). Calculate the remainder when g(0) is divided by ((-4)/(-6))/((-51)/(-2295)).
29
Suppose -12 = -y + 4*y. Let x = -58 + 47. Calculate the remainder when 15 is divided by y/(-22) - 97/x.
6
What is the remainder when (-76156)/(-237)*-3*1/(-2) is divided by 97?
94
Let f(z) = 27*z - 9. What is the remainder when 175 is divided by f(1)?
13
Calculate the remainder when (13/((-351)/522))/(2/(-3)) is divided by 14.
1
Suppose -2*q - 38 = -4*b + 74, 5*b - 4*q = 146. Suppose b + 29 = 5*s. Let p = -7 + s. What is the remainder when 15 is divided by p?
3
Let l = -490 - -713. What is the remainder when l is divided by 32?
31
Suppose -26*f = 10*f - 0*f - 756. Calculate the remainder when f is divided by 47/5 - (-2)/(-5).
3
Let u = 1 + 2. Suppose -4*p + u*i = 6*i - 31, 0 = -4*i + 20. Suppose -97 + 32 = -5*m. Calculate the remainder when m is divided by p.
1
Calculate the remainder when (10 + -5)/1 - -41 - 5 is divided by 23.
18
Let q(s) = 4*s**2 - 3*s + 3. Let n be q(-3). Let p = n - 12. Calculate the remainder when p is divided by 19.
17
Let r(w) = w**2 - 6*w - 10. Let c = 2 + 0. What is the remainder when r(8) is divided by c?
0
Let n(v) = -3*v - 2*v - 7 + 5*v + v**2 - 5*v. What is the remainder when n(-6) is divided by 15?
14
Suppose -10*t + 28 = -6*t. Let l be (-2)/(3 - (-21)/(-6)). Suppose 2*d = 4*g - d - 65, 5*d = -l*g + 73. Calculate the remainder when g is divided by t.
3
Let p = 4 - 0. Suppose -f = 2*o - 34, 27 = p*o + f - 45. Calculate the remainder when 53 is divided by o.
15
Let f be 544/6 - 2/3. Let b = 126 - f. What is the remainder when 69 is divided by b?
33
Calculate the remainder when 79 is divided by (-13 + 1)*84/(-48).
16
What is the remainder when 178 is divided by -2*155/(-20)*2?
23
Let x(c) = 13*c - 92. What is the remainder when 35 is divided by x(8)?
11
Let p(q) = -q**2 + 9*q + 46. What is the remainder when 142 is divided by p(11)?
22
Let s be (5 - 8)*(-8 - 156/(-18)). Let p(r) = -8*r**3 + 1 + r**2 + 1 - 3*r**2. What is the remainder when p(s) is divided by 20?
18
Let f(w) = -94*w - 370. Calculate the remainder when 195 is divided by f(-5).
95
Let s = -141 + 158. Suppose -2*x = 5*n - s, 0*x = 3*n - 3*x - 27. Suppose 0*u + 3*u - 87 = 0. Calculate the remainder when u is divided by n.
4
Let a = -8 - -18. Suppose 12*h - a = 11*h. Calculate the remainder when 46 is divided by h.
6
Let k(x) = x**2 - 2*x + 12. Let c be k(0). What is the remainder when ((-63)/c)/(6/(-64)) is divided by 20?
16
Let k(j) = -j**2 + 8*j + 9. Let q = 14 + -10. Suppose -q*w + 24 = -w. What is the remainder when 16 is divided by k(w)?
7
Let l = -23 + 75. Let f(n) = -n**2 - 9*n + 66. Calculate the remainder when l is divided by f(4).
10
Let d(a) = 2*a + 19. Let h be d(-8). Calculate the remainder when h + 220/((-10)/(-2)) is divided by 24.
23
Suppose -108 = -15*g + 207. What is the remainder when g is divided by 11?
10
Let r(i) = -i**3 + 8*i**2 + 9*i - 2. Let j(h) = -2*h**2 + 16*h - 12. What is the remainder when r(8) is divided by j(5)?
16
Let l = -126 - -136. Suppose l*s - 18 - 72 = 0. Suppose 0 = -4*t - 3*d + 72, -6*d + 2*d = 4*t - 76. Calculate the remainder when t is divided by s.
6
Let n = -42370 + 42430. Calculate the remainder when n is divided by (-2)/(-6) - (-53)/3.
6
Let t = 52 + -27. Let u be (-5)/(20/756) - 1. What is the remainder when 9/6 + u/(-4) is divided by t?
24
Suppose -156 = 2*u - 256. Calculate the remainder when u is divided by 15.
5
Suppose d - 66 = -4*x, 4 = -3*x + 1. Suppose -6*n = -4*n - d. Calculate the remainder when n is divided by (6/8)/((-1)/(-16)).
11
Suppose 0 = 4*o - 14 - 2. Suppose -2*d - o = -2. Let u = 8 + d. Calculate the remainder when u is divided by 5.
2
Let y = 79 - -6. Let w = -73 + y. What is the remainder when 42 is divided by w?
6
Suppose y + 4*o - 101 = 0, 0 = -5*y + 2*o - 70 + 575. Calculate the remainder when y is divided by 31.
8
Suppose -45*w + 90 = -27*w. Let r(z) = -4*z - 3. Calculate the remainder when r(-6) is divided by w.
1
Suppose 5*w + 22 = 4*a - 107, 0 = 2*a - 5*w - 57. Calculate the remainder when 281 is divided by a.
29
Calculate the remainder when ((-8)/(-16))/(5/2230) is divided by 32.
31
Let w(c) = -3*c + 16. Let u be w(-4). Let h = u + -19. Calculate the remainder when 25 is divided by h.
7
Suppose -5*h - 4*d = -6*d - 1069, -636 = -3*h + 3*d. Let q = h + -138. Calculate the remainder when q is divided by 26.
25
Let d(u) = -u**2 + 2*u + 2. Let p be d(3). Let m = 4 + p. Suppose m*a + 5 = 65. Calculate the remainder when a is divided by 7.
6
Suppose 2*s + 0*s = -12. Let j be 1/s + 34/(-12). Let d = j + 15. Calculate the remainder when d is divided by 7.
5
Let a(l) be the second derivative of -l**4/12 - 11*l**3/6 + 11*l**2/2 - 3*l. Let k = 25 - -16. Calculate the remainder when k is divided by a(-11).
8
Let b(n) = -9*n**3 - 4*n**2 - 4*n - 1. Suppose -5*f - 3*q - 13 = 0, -1 = -3*f - 3*q - 10. Let t = 9 - -7. What is the remainder when b(f) is divided by t?
15
Let r(l) = 11*l**3 - 27*l**2 - 20*l - 56. Let y(p) = 4*p**3 - 9*p**2 - 7*p - 19. Let s(h) = 6*r(h) - 17*y(h). What is the remainder when s(-6) is divided by 13?
10
Let a(o) = 14*o + 95. Let w(t) = 73*t**3 - t**2 + t - 1. Calculate the remainder when 